15?
-3
-2 (base 12) to base 6
-2
-2 (base 7) to base 6
-2
What is -15 (base 9) in base 10?
-14
What is -14 (base 9) in base 6?
-21
-100 (base 2) to base 13
-4
3 (base 10) to base 4
3
Convert -10010 (base 2) to base 4.
-102
3 (base 5) to base 6
3
Convert 36 (base 9) to base 15.
23
17 (base 14) to base 9
23
Convert -20 (base 16) to base 6.
-52
Convert -2 (base 5) to base 16.
-2
What is -35 (base 16) in base 15?
-38
What is 3 (base 13) in base 5?
3
Convert -18 (base 15) to base 10.
-23
What is 33 (base 13) in base 3?
1120
2 (base 10) to base 7
2
-2d (base 15) to base 3
-1121
What is -155 (base 8) in base 13?
-85
-53 (base 16) to base 14
-5d
Convert -110 (base 3) to base 5.
-22
What is -15 (base 9) in base 12?
-12
Convert -2 (base 16) to base 12.
-2
-4 (base 7) to base 4
-10
What is 1 (base 12) in base 15?
1
-21 (base 7) to base 14
-11
-10 (base 13) to base 11
-12
What is -31 (base 6) in base 4?
-103
What is -16 (base 8) in base 6?
-22
100 (base 2) to base 15
4
Convert 8 (base 13) to base 9.
8
What is -1a1 (base 13) in base 9?
-363
-48 (base 14) to base 13
-4c
45 (base 6) to base 15
1e
What is -2330 (base 4) in base 2?
-10111100
Convert -20112 (base 3) to base 11.
-150
-22 (base 4) to base 8
-12
What is -5a (base 12) in base 15?
-4a
-5 (base 12) to base 8
-5
Convert -bb (base 13) to base 2.
-10011010
3033 (base 4) to base 3
21200
Convert -2230 (base 4) to base 10.
-172
3 (base 4) to base 8
3
What is -211 (base 5) in base 14?
-40
What is -11 (base 8) in base 7?
-12
4 (base 6) to base 10
4
What is a (base 12) in base 16?
a
What is -4 (base 12) in base 6?
-4
-3c (base 15) to base 12
-49
Convert -3c (base 16) to base 7.
-114
What is 12 (base 3) in base 13?
5
Convert 31 (base 7) to base 14.
18
What is -110 (base 2) in base 7?
-6
3 (base 16) to base 12
3
100 (base 6) to base 11
33
Convert -199 (base 10) to base 5.
-1244
Convert c0 (base 13) to base 8.
234
3 (base 10) to base 12
3
What is 10 (base 2) in base 13?
2
Convert -4d (base 14) to base 4.
-1011
What is -2 (base 5) in base 15?
-2
-2 (base 16) to base 2
-10
154 (base 7) to base 16
58
What is 1ae (base 15) in base 2?
110000101
Convert -4 (base 5) to base 8.
-4
What is 16 (base 9) in base 3?
120
What is 1c (base 13) in base 8?
31
32 (base 9) to base 11
27
1d (base 15) to base 5
103
-1 (base 15) to base 5
-1
Convert 15 (base 7) to base 10.
12
-1 (base 4) to base 6
-1
Convert -7 (base 14) to base 4.
-13
What is -1 (base 13) in base 8?
-1
Convert -3 (base 12) to base 16.
-3
What is -7 (base 12) in base 2?
-111
2 (base 9) to base 3
2
Convert -22 (base 6) to base 5.
-24
What is 108 (base 10) in base 13?
84
Convert -58 (base 11) to base 15.
-43
3 (base 11) to base 13
3
Convert -3 (base 7) to base 15.
-3
Convert -1 (base 9) to base 10.
-1
11100 (base 2) to base 9
31
What is 81 (base 9) in base 13?
58
What is 2 (base 8) in base 12?
2
What is -11 (base 13) in base 2?
-1110
What is 142 (base 5) in base 2?
101111
What is -1012 (base 3) in base 8?
-40
Convert -5 (base 9) to base 2.
-101
Convert -53 (base 13) to base 15.
-48
What is 11 (base 2) in base 13?
3
What is -b3 (base 14) in base 5?
-1112
Convert -69 (base 14) to base 10.
-93
Convert -1 (base 12) to base 2.
-1
-2 (base 10) to base 7
-2
What is -5 (base 6) in base 11?
-5
Convert -10000111 (base 2) to base 7.
-252
Convert -10 (base 7) to base 15.
-7
Convert 122 (base 3) to base 9.
18
What is 4 (base 6) in base 7?
4
Convert 3102 (base 4) to base 11.
181
-2 (base 16) to base 14
-2
What is 0 (base 6) in base 15?
0
Convert -2 (base 14) to base 9.
-2
Convert -1 (base 9) to base 5.
-1
Convert 11 (base 3) to base 12.
4
Convert 14 (base 16) to base 14.
16
What is 2 (base 11) in base 5?
2
Convert 100 (base 4) to base 6.
24
Convert -3 (base 6) to base 4.
-3
What is b (base 15) in base 10?
11
Convert -111001 (base 2) to base 7.
-111
11 (base 2) to base 4
3
Convert 1 (base 14) to base 7.
1
Convert 501 (base 7) to base 2.
11110110
What is 25 (base 7) in base 10?
19
-1122 (base 3) to base 13
-35
-210 (base 3) to base 5
-41
What is 11 (base 14) in base 7?
21
Convert -10 (base 2) to base 16.
-2
What is 10100 (base 3) in base 13?
6c
33 (base 13) to base 14
30
Convert -4 (base 13) to base 10.
-4
What is -d (base 15) in base 3?
-111
What is 10 (base 8) in base 15?
8
Convert -10 (base 6) to base 2.
-110
Convert -2 (base 7) to base 15.
-2
1110 (base 2) to base 16
e
Convert -23 (base 5) to base 16.
-d
Convert 15 (base 16) to base 7.
30
Convert -3 (base 7) to base 4.
-3
Convert 32 (base 6) to base 8.
24
Convert 0 (base 13) to base 2.
0
Convert -1100 (base 3) to base 7.
-51
2c (base 13) to base 12
32
-5 (base 12) to base 4
-11
-123 (base 10) to base 5
-443
Convert 1 (base 15) to base 5.
1
-1110010 (base 2) to base 3
-11020
Convert 201 (base 4) to base 2.
100001
0 (base 9) to base 13
0
What is 144 (base 5) in base 14?
37
What is -3 (base 16) in base 6?
-3
What is 0 (base 11) in base 5?
0
What is -210 (base 5) in base 16?
-37
What is 10010011 (base 2) in base 3?
12110
What is -8 (base 16) in base 3?
-22
Convert -10000100 (base 2) to base 3.
-11220
Convert -a (base 13) to base 10.
-10
-212 (base 4) to base 7
-53
-72 (base 10) to base 8
-110
What is 45 (base 13) in base 9?
63
What is -201 (base 6) in base 3?
-2201
What is 10202 (base 3) in base 9?
122
-10 (base 3) to base 12
-3
1 (base 9) to base 7
1
What is 10 (base 7) in base 2?
111
What is -13 (base 7) in base 2?
-1010
c (base 14) to base 11
11
-192 (base 13) to base 2
-100100000
Convert 101000 (base 2) to base 3.
1111
-11110010 (base 2) to base 12
-182
-5 (base 12) to base 6
-5
What is 0 (base 15) in base 3?
0
-103 (base 7) to base 11
-48
-3 (base 9) to base 12
-3
What is -4 (base 15) in base 6?
-4
Convert -30 (base 12) to base 10.
-36
-c (base 16) to base 3
-110
What is -ee (base 15) in base 11?
-194
What is -6 (base 14) in base 12?
-6
What is 13 (base 9) in base 10?
12
Convert -10 (base 10) to base 4.
-22
4 (base 12) to base 7
4
Convert 12 (base 5) to base 14.
7
Convert -7b (base 15) to base 12.
-98
Convert -154 (base 6) to base 11.
-64
What is 30 (base 4) in base 14?
c
What is 1 (base 7) in base 8?
1
2 (base 8) to base 5
2
What is 0 (base 16) in base 2?
0
Convert -3 (base 13) to base 6.
-3
Convert -2 (base 9) to base 14.
-2
Convert 3 (base 13) to base 4.
3
15 (base 6) to base 4
23
-20202 (base 3) to base 4
-2312
What is 6 (base 14) in base 13?
6
-5 (base 10) to base 4
-11
What is 13 (base 4) in base 7?
10
What is 2 (base 15) in base 6?
2
What is 0 (base 9) in base 11?
0
What is -6 (base 13) in base 2?
-110
Convert -105 (base 9) to base 3.
-10012
Convert -13 (base 6) to base 11.
-9
Convert -2a (base 15) to base 5.
-130
Convert -21 (base 12) to base 11.
-23
Convert 23 (base 7) to base 5.
32
What is dc (base 15) in base 12?
153
-12 (base 7) to base 11
-9
What is -11111 (base 2) in base 12?
-27
What is -2 (base 12) in base 9?
-2
What is -102 (base 5) in base 3?
-1000
Convert 3 (base 9) to base 4.
3
What is 1 (base 14) in base 16?
1
What is -63 (base 7) in base 10?
-45
Convert 11 (base 4) to base 9.
5
Convert -2330 (base 5) to base 3.
-110121
What is a (base 12) in base 4?
22
What is 14 (base 13) in base 3?
122
Convert -5 (base 8) to base 5.
-10
What is 4d (base 15) in base 5?
243
Convert 1 (base 10) to base 6.
1
What is -2 (base 6) in base 5?
-2
Convert -5 (base 16) to base 3.
-12
Convert 0 (base 4) to base 10.
0
-5e (base 15) to base 4
-1121
-2c (base 15) to base 16
-2a
Convert -142 (base 13) to base 4.
-3133
Convert -11 (base 9) to base 6.
-14
Convert -260 (base 9) to base 12.
-160
Convert 56 (base 16) to base 8.
126
-1 (base 4) to base 14
-1
What is -1 (base 5) in base 4?
-1
Convert -8 (base 9) to base 7.
-11
Convert -5 (base 11) to base 15.
-5
222 (base 3) to base 15
1b
What is -252 (base 6) in base 13?
-80
Convert 20 (base 3) to base 4.
12
Convert -4 (base 14) to base 13.
-4
Convert -181 (base 11) to base 13.
-132
-24 (base 5) to base 6
-22
Convert -4 (base 13) to base 12.
-4
Convert 240 (base 7) to base 15.
86
13 (base 12) to base 15
10
Convert -1 (base 8) to base 16.
-1
Convert 1 (base 15) to base 9.
1
-2 (base 10) to base 16
-2
What is 21 (base 3) in base 6?
11
What is 6a (base 13) in base 16?
58
What is -5a (base 13) in base 6?
-203
What is 13 (base 16) in base 6?
31
Convert -1 (base 10) to base 4.
-1
-26 (base 16) to